 3. Let f be i(4). Let q = 16 + f. What are the prime factors of q?
2
Let w = 1 - -2. Suppose 5*d = -x - 0*d + 29, -d - 151 = -w*x. What are the prime factors of x?
7
Let f(r) = -6*r**2 - 16*r + 23. Let c(b) = b**2 - 1. Let m(q) = 5*c(q) + f(q). List the prime factors of m(-10).
2, 3, 13
Let h(l) = l**2 - 4*l - 8. Let u be h(6). Suppose u*n - 2*n = 142. Let j = n - 43. List the prime factors of j.
2, 7
Suppose -21*x = -54*x + 52965. List the prime factors of x.
3, 5, 107
Suppose -2*g - 2 - 9 = -x, -4*g = 0. Let c(k) = k**2 + 3*k - 3. What are the prime factors of c(x)?
151
Let g(l) = -2*l**2 + 4*l. Let w be g(-3). Let a be (-20)/w - (-94)/3. Suppose -j = 4*j, -a = -4*m - j. List the prime factors of m.
2
Let b(m) be the second derivative of m**3/6 - m**2/2 + 5*m. Let v be b(1). Suppose v*o - 12 = -4*o. List the prime factors of o.
3
Let h = -9 - -9. What are the prime factors of (-14*2)/(-2 - h)?
2, 7
Let x = 58 - -106. Suppose -324 = -3*c - 3*b, 3*b - 49 = -2*c + x. What are the prime factors of c?
3, 37
Let z = -17 + 19. Let w = 38 + z. Let q = w - 22. What are the prime factors of q?
2, 3
Suppose 3*z + 2*z = 220. Suppose -4*h + 26 + 132 = -2*w, 0 = h + 4*w - z. Let t = h + -20. List the prime factors of t.
2, 5
Let s be (-8)/(-12) + 2/(-3). Suppose s*m - 174 = -6*m. List the prime factors of m.
29
Suppose 28 = -4*i - 112. Let s = 90 + -140. Let o = i - s. List the prime factors of o.
3, 5
Suppose 7*a = -3*o + 8*a + 2334, -5*a = o - 778. What are the prime factors of o?
2, 389
Let i be (-2)/(-4) + (-321)/(-6). Let l = 163 - i. List the prime factors of l.
109
Let d(h) = -h**2 + 10*h - 30. Let c be d(5). List the prime factors of (-14)/3*c/((-70)/(-108)).
2, 3
Suppose -2*d - 10 = -5*w + 1, -13 = d - w. List the prime factors of 1078/5 + d/30.
5, 43
Let n = 558 + -112. Suppose -5*b + x + 325 = -223, -4*b = 3*x - n. List the prime factors of b.
2, 5, 11
Suppose -n = 4*n - 60. Let p(h) = 6*h - 29. Let k(u) = u - 3. Let j(i) = 5*k(i) - p(i). What are the prime factors of j(n)?
2
List the prime factors of 16/12*2169/6.
2, 241
Let z(i) = i**2 - 2. Let j(n) = 3*n**2 - 3. Let q(b) = 2*j(b) - 5*z(b). Let k be q(-3). Let d = k - 4. List the prime factors of d.
3
Let d = -1522 + 2277. List the prime factors of d.
5, 151
Suppose 1 = s + 36. Let n be (s/(-21))/((-2)/(-42)). Suppose -4*q = -21 - n. List the prime factors of q.
2, 7
Suppose -4*r + 80 = -184. Let o = r + -7. What are the prime factors of o?
59
Suppose h - 109 - 174 = -y, 1162 = 4*h - 2*y. List the prime factors of h.
2, 3
Suppose -5*d + 3*z + 5 + 11 = 0, 2*d + 2*z - 16 = 0. Suppose 4*f + 5*k + 72 = 270, 0 = f + d*k - 57. Suppose -73 = -5*v + f. What are the prime factors of v?
2, 3
Let v(y) = -y**3 + 19*y**2 + 19*y + 19. Let d be v(20). List the prime factors of 80/(-30)*(d + -23).
2
Let s be ((-2)/10)/((-7)/35). Let m be (s - 2) + (9 - 4). Suppose 196 = m*p - 0*p. What are the prime factors of p?
7
Suppose -6*o + 2*o = 20. Let y = -1 - o. Suppose 0 = h + w + w - 17, -4*h = -y*w - 44. List the prime factors of h.
13
Let h = -24 - -27. Suppose j + 66 = 2*r - 0*r, 3*r + h*j = 108. List the prime factors of r.
2, 17
Let q be -6*(3 + -11) + 1 + 5. Let n be (1/(-2))/(1/(-4)). Suppose -4*i = f - q, -4*f - i = -169 - n. List the prime factors of f.
2, 3, 7
Let c(z) = -4*z**2 - 2*z - 1. Let p be c(-1). Let u be ((-8)/(-12))/(1/p). Let r(v) = -2*v**3 - v**2 - 4*v - 3. List the prime factors of r(u).
17
Let r(h) = 33*h + 4. Let l be r(2). Suppose -c + l = -4*j - 16, 2*c + 4*j = 112. What are the prime factors of c?
2, 3, 11
Suppose 16*y - 22232 - 7224 = 0. What are the prime factors of y?
7, 263
Let l = 36 - 63. Let o = l - -62. What are the prime factors of o?
5, 7
Suppose -g - g = b, 0 = 3*b. Suppose -3*x + 144 = -g*x - 3*d, -x + 54 = -3*d. List the prime factors of ((-105)/x)/((-1)/15).
5, 7
Let l(p) = 9*p**3 + 2*p - 1. Let h be l(1). Let b(d) = -2*d**2 + 25*d - 7. What are the prime factors of b(h)?
43
Let n = 29 + -35. What are the prime factors of (-3444)/(-49) + 3/(63/n)?
2, 5, 7
Let f(w) = -7*w**3 - 9*w**2 - 3*w + 40. List the prime factors of f(-5).
3, 5, 47
Let k = -5 - -4. Let f be ((-10)/30)/(k/30). Let i(u) = u**2 - 9*u + 2. What are the prime factors of i(f)?
2, 3
Let s be -1 + (-1 - -4) - 0. Suppose s*a - 15 = -a, 0 = 3*z + 3*a - 24. Suppose 0 = z*v - 0*v - 108. List the prime factors of v.
2, 3
List the prime factors of ((-42)/(-8))/((27/1488)/3).
2, 7, 31
Suppose 0 = -2*w - 4, -3*c - 5*w - 1 = 3. Suppose 0 = 3*o + 4*k - 277, -c*o = 3*o - 2*k - 479. Let u = o - 58. What are the prime factors of u?
37
Let k(m) = -m**2 - 5*m - 3. Let c be k(-2). Let h(u) = u + 2. Let v be h(c). Suppose 0*b - b - t = -v, 5*b - 1 = 3*t. What are the prime factors of b?
2
Let q = 729 + -374. What are the prime factors of q?
5, 71
Let d = 35 + 802. What are the prime factors of d?
3, 31
Suppose 4*l - 3442 = -5*n, 19*l - 23*l = 4*n - 3440. List the prime factors of l.
2, 3, 11, 13
Let g = 0 - -2. Let d(o) = o**2 + 3*o + 3. Let j(b) = 2*b**2 + 8*b + 9. Let i(q) = 11*d(q) - 4*j(q). What are the prime factors of i(g)?
11
Suppose 1344 = 5*m + 4*v, 3*v + 2*v + 1335 = 5*m. Suppose 0 = -2*y - 2*j + 544, 2*y + 4*j - m = 266. What are the prime factors of y?
277
Let y(p) = -2*p**3 + p**2 + 3*p + 6. Let k be y(5). What are the prime factors of 4/((-620)/k + -3)?
2, 3, 17
Let d = -423 + 209. Let l = -45 - d. What are the prime factors of l?
13
Suppose 108 = -4*g + 32. Let p = 9 - g. List the prime factors of p.
2, 7
Suppose -2*j + 62 = 2. Suppose 3*i - j = -5*n - 0*n, 5*n = 4*i - 5. List the prime factors of n.
3
Suppose -5*h = 2*i - 2572, -1606 + 318 = -i - 2*h. List the prime factors of i.
2, 3
Let h = 1 - 1. Let u be 2*(h + (-3)/(-3)). Suppose -x + u + 9 = 0. What are the prime factors of x?
11
Let z be ((-72)/(-27))/((-2)/(-3)). Suppose 0 = -z*t + h + 4 + 2, 3*h - 2 = 2*t. List the prime factors of 28/(-3)*(-5 + t).
2, 7
Suppose -12*j + 31868 + 29464 = 0. List the prime factors of j.
19, 269
Suppose 10051 = -0*c + 23*c. What are the prime factors of c?
19, 23
List the prime factors of -4 + 7 + 2558 + (-20)/(-5).
3, 5, 19
Let q(c) = -50*c**2 + c + 7. Let v(h) = h**2 - 1. Let t(r) = -q(r) - 5*v(r). What are the prime factors of t(-1)?
2, 11
Suppose -4*q = -12*q + 1144. Suppose 4*o - 53 = q. List the prime factors of o.
7
Let k = 651 - -141. What are the prime factors of k?
2, 3, 11
Let v be (936/(-42))/((-4)/14). Let p = v - -124. What are the prime factors of p?
2, 101
Let f be (-34)/(-6) + (-2)/(-6). Suppose -f*v + 618 = 5*k - 4*v, 0 = -4*k + 5*v + 468. What are the prime factors of k?
2, 61
Suppose 16 = -2*u + 3*u. Suppose -6*v = 4*v. Let h = u + v. What are the prime factors of h?
2
Let d be 2/(-9)*3 - (-169)/(-39). Let x(u) = -35*u - 41. What are the prime factors of x(d)?
2, 67
Let g(o) = -396*o + 44. Let x be g(-6). Suppose -2*m - 9*m + x = 0. List the prime factors of m.
2, 5, 11
What are the prime factors of (-19695)/78*(-6 + 2)?
2, 5, 101
Suppose 2*j + 0*a - 4*a - 4 = 0, a = 5*j - 1. Let w = 20 - 0. Suppose j = m + 2, -m - 3*m - w = -4*x. List the prime factors of x.
3
Let i(q) = 170*q**2. Let w be i(1). Let h = -113 + w. What are the prime factors of h?
3, 19
Suppose -v + 0*v - 12 = 4*u, -3 = u - 4*v. Let g be u/((-1)/(8/3)). What are the prime factors of 6/g - (-178)/8?
23
What are the prime factors of (2*548/16)/(4/8)?
137
Suppose -24 = -0*h - 3*h. Let r be h/6*105/10. List the prime factors of 4/r + 187/7.
3
Suppose f = u - 1, 3*f + 4 - 29 = -4*u. Let a be 9/3*16/f. Let d = a + -11. List the prime factors of d.
5
Let y be (1 - -3) + 2/(-2). Let d be 11/(y - 70/24). Suppose 0 = -3*v + 7*v - d. List the prime factors of v.
3, 11
Suppose o + 0*o + 9 = -3*b, -2*b - 2 = 2*o. Let s be (1 - 1) + o - -1. Suppose 3*z - 3*q = 21, -12 + 0 = -s*q. List the prime factors of z.
2, 5
Let g(l) = 3*l + 9. Let b be g(0). What are the prime factors of (111/b)/(3/18)?
2, 37
Let c(j) = -j**2 - j. Let i(b) = -b**2 + 23*b + 7. Let r(d) = -4*c(d) + i(d). What are the prime factors of r(-11)?
73
Let u(b) = 22*b + 1. Let f be u(5). Suppose c - f = -2*c. Suppose -c - 35 = -3*r. List the prime factors of r.
2, 3
Let q(f) be the third derivative of f**5/60 - f**4/24 + 5*f**3/2 + 6*f**2. Let m be q(0). Suppose -1 = 2*o - m. What